{"id":2563,"date":"2024-06-07T15:17:54","date_gmt":"2024-06-07T18:17:54","guid":{"rendered":"https:\/\/unidades.tc.df.gov.br\/dsaud\/?page_id=2563"},"modified":"2025-08-05T14:59:48","modified_gmt":"2025-08-05T17:59:48","slug":"solicitar-agendamento","status":"publish","type":"page","link":"https:\/\/unidades.tc.df.gov.br\/dsaud\/solicitar-agendamento\/","title":{"rendered":"Agendamento (novo)"},"content":{"rendered":"<div class=\"wpb-content-wrapper\">\t\t<div data-elementor-type=\"wp-page\" data-elementor-id=\"2563\" class=\"elementor elementor-2563\">\n\t\t\t\t<div class=\"elementor-element elementor-element-a08df0f e-flex e-con-boxed wpr-particle-no wpr-jarallax-no wpr-parallax-no wpr-sticky-section-no e-con e-parent\" data-id=\"a08df0f\" data-element_type=\"container\" data-e-type=\"container\" data-settings=\"{&quot;background_background&quot;:&quot;classic&quot;}\">\n\t\t\t\t\t<div class=\"e-con-inner\">\n\t\t\t\t<div class=\"elementor-element elementor-element-dabbf03 elementor-widget elementor-widget-heading\" data-id=\"dabbf03\" data-element_type=\"widget\" data-e-type=\"widget\" data-widget_type=\"heading.default\">\n\t\t\t\t\t<h2 class=\"elementor-heading-title elementor-size-default\">Agendamento<\/h2>\t\t\t\t<\/div>\n\t\t\t\t\t<\/div>\n\t\t\t\t<\/div>\n\t\t<div class=\"elementor-element elementor-element-12612602 e-flex e-con-boxed wpr-particle-no wpr-jarallax-no wpr-parallax-no wpr-sticky-section-no e-con e-parent\" data-id=\"12612602\" data-element_type=\"container\" data-e-type=\"container\">\n\t\t\t\t\t<div class=\"e-con-inner\">\n\t\t\t\t<div class=\"elementor-element elementor-element-1cb58027 elementor-widget elementor-widget-text-editor\" data-id=\"1cb58027\" data-element_type=\"widget\" data-e-type=\"widget\" data-widget_type=\"text-editor.default\">\n\t\t\t\t\t\t\t\t\t<p>[vc_row][vc_column width=&#8221;2\/3&#8243;][vc_wp_text]<span style=\"color: #808080;font-family: verdana, geneva, sans-serif;font-size: 10pt\"><a style=\"color: #808080\" href=\"https:\/\/unidades.tc.df.gov.br\/dsaud\/\">P\u00e1gina inicial<\/a>\u00a0 &gt;\u00a0 <a style=\"color: #808080\" href=\"https:\/\/unidades.tc.df.gov.br\/dsaud\/solicitar-agendamento\/\">Solicitar agendamento<\/a> <\/span>[\/vc_wp_text][vc_column_text]<span style=\"font-family: poppins;font-size: 18pt\"><strong>Solicitar agendamento com profissional de sa\u00fade<\/strong><\/span>[\/vc_column_text][vc_wp_text title=&#8221;Observa\u00e7\u00f5es:&#8221;]<span style=\"font-family: arial, helvetica, sans-serif;font-size: 12pt\">Os agendamentos de <strong>primeira consulta<\/strong> devem ser solicitados por meio desta p\u00e1gina.<\/span><\/p><p><span style=\"font-family: arial, helvetica, sans-serif;font-size: 12pt\">As consultas de <strong>retorno<\/strong> ser\u00e3o agendadas pelo pr\u00f3prio nutricionista, que confirmar\u00e1 junto a cada paciente.<\/span><\/p><p><span style=\"font-family: arial, helvetica, sans-serif;font-size: 12pt\">\u00c9 necess\u00e1rio ter feito, previamente \u00e0 consulta, exame de bioimped\u00e2ncia recente (m\u00e1ximo 30 dias).<\/span><\/p><p><span style=\"font-family: arial, helvetica, sans-serif;font-size: 12pt\">A agenda ficar\u00e1 aberta enquanto houver hor\u00e1rios dispon\u00edveis nos meses de agenda aberta.<\/span>[\/vc_wp_text][vc_wp_text title=&#8221;Aten\u00e7\u00e3o:&#8221;]<span style=\"font-family: arial, helvetica, sans-serif;font-size: 12pt\">As solicita\u00e7\u00f5es de <em><strong>primeira consulta<\/strong><\/em> com o nutricionista Felipe Silva preencheram todos os hor\u00e1rios dispon\u00edveis nos meses de <strong>setembro, outubro e novembro<\/strong>. Aguarde nova abertura de agenda.<\/span>[\/vc_wp_text][\/vc_column][vc_column width=&#8221;1\/3&#8243;][vc_empty_space height=&#8221;50px&#8221;][vc_empty_space height=&#8221;50px&#8221;][vc_empty_space height=&#8221;50px&#8221;]<\/p><p>\u00a0<\/p>\t\t\t\t\t\t\t\t<\/div>\n\t\t\t\t\t<\/div>\n\t\t\t\t<\/div>\n\t\t\t\t<\/div>\n\t\t<\/div>","protected":false},"excerpt":{"rendered":"<p>Agendamento [vc_row][vc_column width=&#8221;2\/3&#8243;][vc_wp_text]P\u00e1gina inicial\u00a0 &gt;\u00a0 Solicitar agendamento [\/vc_wp_text][vc_column_text]Solicitar agendamento com profissional de sa\u00fade[\/vc_column_text][vc_wp_text title=&#8221;Observa\u00e7\u00f5es:&#8221;]Os agendamentos de primeira consulta devem ser solicitados por meio desta p\u00e1gina. As consultas de retorno ser\u00e3o agendadas pelo pr\u00f3prio nutricionista, que confirmar\u00e1 junto a cada paciente. \u00c9 necess\u00e1rio ter feito, previamente \u00e0 consulta, exame de bioimped\u00e2ncia recente (m\u00e1ximo 30 dias). A agenda ficar\u00e1 aberta enquanto houver hor\u00e1rios dispon\u00edveis nos meses de agenda aberta.[\/vc_wp_text][vc_wp_text title=&#8221;Aten\u00e7\u00e3o:&#8221;]As solicita\u00e7\u00f5es de primeira consulta com o nutricionista Felipe Silva preencheram todos os hor\u00e1rios dispon\u00edveis nos meses de setembro, outubro e novembro. Aguarde nova abertura de agenda.[\/vc_wp_text][\/vc_column][vc_column width=&#8221;1\/3&#8243;][vc_empty_space height=&#8221;50px&#8221;][vc_empty_space height=&#8221;50px&#8221;][vc_empty_space height=&#8221;50px&#8221;] \u00a0<\/p>\n","protected":false},"author":242,"featured_media":0,"parent":0,"menu_order":0,"comment_status":"closed","ping_status":"closed","template":"elementor_header_footer","meta":{"_monsterinsights_skip_tracking":false,"_monsterinsights_sitenote_active":false,"_monsterinsights_sitenote_note":"","_monsterinsights_sitenote_category":0,"footnotes":""},"class_list":["post-2563","page","type-page","status-publish","hentry"],"acf":[],"_links":{"self":[{"href":"https:\/\/unidades.tc.df.gov.br\/dsaud\/wp-json\/wp\/v2\/pages\/2563","targetHints":{"allow":["GET"]}}],"collection":[{"href":"https:\/\/unidades.tc.df.gov.br\/dsaud\/wp-json\/wp\/v2\/pages"}],"about":[{"href":"https:\/\/unidades.tc.df.gov.br\/dsaud\/wp-json\/wp\/v2\/types\/page"}],"author":[{"embeddable":true,"href":"https:\/\/unidades.tc.df.gov.br\/dsaud\/wp-json\/wp\/v2\/users\/242"}],"replies":[{"embeddable":true,"href":"https:\/\/unidades.tc.df.gov.br\/dsaud\/wp-json\/wp\/v2\/comments?post=2563"}],"version-history":[{"count":56,"href":"https:\/\/unidades.tc.df.gov.br\/dsaud\/wp-json\/wp\/v2\/pages\/2563\/revisions"}],"predecessor-version":[{"id":3468,"href":"https:\/\/unidades.tc.df.gov.br\/dsaud\/wp-json\/wp\/v2\/pages\/2563\/revisions\/3468"}],"wp:attachment":[{"href":"https:\/\/unidades.tc.df.gov.br\/dsaud\/wp-json\/wp\/v2\/media?parent=2563"}],"curies":[{"name":"wp","href":"https:\/\/api.w.org\/{rel}","templated":true}]}}